{"id":6239,"date":"2026-02-27T17:04:20","date_gmt":"2026-02-27T16:04:20","guid":{"rendered":"https:\/\/rebelrush.pl\/?post_type=product&#038;p=6239"},"modified":"2026-04-15T20:56:56","modified_gmt":"2026-04-15T18:56:56","slug":"mx-rebelrush-roost-red-bluza-cross-2026-kopia","status":"publish","type":"product","link":"https:\/\/rebelrush.pl\/?product=mx-rebelrush-roost-red-bluza-cross-2026-kopia","title":{"rendered":"MX RebelRush ROOST Red &#8211; Bluza Cross 2026"},"content":{"rendered":"<div class=\"flex flex-col text-sm pb-25\">\n<article class=\"text-token-text-primary w-full focus:outline-none [--shadow-height:45px] has-data-writing-block:pointer-events-none has-data-writing-block:-mt-(--shadow-height) has-data-writing-block:pt-(--shadow-height) [&amp;:has([data-writing-block])&gt;*]:pointer-events-auto scroll-mt-[calc(var(--header-height)+min(200px,max(70px,20svh)))]\" dir=\"auto\" tabindex=\"-1\" data-turn-id=\"request-WEB:8970555d-561d-4e2d-affd-18a4a965f1ca-8\" data-testid=\"conversation-turn-18\" data-scroll-anchor=\"true\" data-turn=\"assistant\">\n<div class=\"text-base my-auto mx-auto pb-10 [--thread-content-margin:var(--thread-content-margin-xs,calc(var(--spacing)*4))] @w-sm\/main:[--thread-content-margin:var(--thread-content-margin-sm,calc(var(--spacing)*6))] @w-lg\/main:[--thread-content-margin:var(--thread-content-margin-lg,calc(var(--spacing)*16))] px-(--thread-content-margin)\">\n<div class=\"[--thread-content-max-width:40rem] @w-lg\/main:[--thread-content-max-width:48rem] mx-auto max-w-(--thread-content-max-width) flex-1 group\/turn-messages focus-visible:outline-hidden relative flex w-full min-w-0 flex-col agent-turn\" tabindex=\"-1\">\n<div class=\"flex max-w-full flex-col gap-4 grow\">\n<div class=\"min-h-8 text-message relative flex w-full flex-col items-end gap-2 text-start break-words whitespace-normal [.text-message+&amp;]:mt-1\" dir=\"auto\" data-message-author-role=\"assistant\" data-message-id=\"da835ce0-b4ef-45a4-8fb2-0e89c86ec06b\" data-message-model-slug=\"gpt-5-3\">\n<div class=\"flex w-full flex-col gap-1 empty:hidden\">\n<div class=\"markdown prose dark:prose-invert w-full wrap-break-word light markdown-new-styling\">\n<p data-start=\"0\" data-end=\"600\">RebelRush ROOST Red MX Jersey to koszulka inspirowana momentem, gdy tylne ko\u0142o motocykla wyrzuca piach przy wyj\u015bciu z zakr\u0119tu.<br \/>\nRoost to symbol agresywnej jazdy, kontroli i pe\u0142nego gazu \u2014 dok\u0142adnie tego, co definiuje motocross.<br \/>\nLekka konstrukcja z perforowanego materia\u0142u mesh zosta\u0142a zaprojektowana z my\u015bl\u0105 o intensywnej je\u017adzie MX i Enduro.<\/p>\n<p data-start=\"602\" data-end=\"967\"><strong>Najwa\u017cniejsze cechy:<\/strong><br data-start=\"622\" data-end=\"625\" \/>\u2022 Perforowany materia\u0142 mesh \u2014 zwi\u0119kszona wentylacja podczas intensywnej jazdy<br data-start=\"702\" data-end=\"705\" \/>\u2022 Lekka konstrukcja zapewniaj\u0105ca wysoki komfort podczas trening\u00f3w i jazdy<br data-start=\"778\" data-end=\"781\" \/>\u2022 Szybkoschn\u0105cy materia\u0142 skutecznie odprowadzaj\u0105cy wilgo\u0107<br data-start=\"838\" data-end=\"841\" \/>\u2022 Pe\u0142ny nadruk sublimacyjny \u2014 grafika odporna na pranie i intensywne u\u017cytkowanie<br data-start=\"921\" data-end=\"924\" \/>\u2022 Dynamiczny design inspirowany motocrossem<\/p>\n<p data-start=\"969\" data-end=\"1134\"><strong>Konstrukcja:<\/strong><br data-start=\"981\" data-end=\"984\" \/>\u2022 100% poliester techniczny<br data-start=\"1011\" data-end=\"1014\" \/>\u2022 Oddychaj\u0105ca perforowana struktura materia\u0142u<br data-start=\"1059\" data-end=\"1062\" \/>\u2022 Lekka i szybkoschn\u0105ca tkanina<br data-start=\"1093\" data-end=\"1096\" \/>\u2022 Wysoka trwa\u0142o\u015b\u0107 w warunkach off-road<\/p>\n<p data-start=\"1136\" data-end=\"1289\"><strong>Kr\u00f3j:<\/strong><br data-start=\"1141\" data-end=\"1144\" \/>\u2022 Sportowy kr\u00f3j MX dopasowany do pozycji jazdy<br data-start=\"1190\" data-end=\"1193\" \/>\u2022 Wyd\u0142u\u017cony ty\u0142 dla lepszego trzymania koszulki w spodniach<br data-start=\"1252\" data-end=\"1255\" \/>\u2022 Komfortowa praca z ochraniaczami<\/p>\n<p data-start=\"1291\" data-end=\"1349\" data-is-last-node=\"\" data-is-only-node=\"\"><strong>Zastosowanie:<\/strong><br data-start=\"1304\" data-end=\"1307\" \/>Motocross \/ Enduro \/ Off-road \/ Quad \/ MTB<\/p>\n<\/div>\n<\/div>\n<\/div>\n<\/div>\n<div class=\"z-0 flex min-h-[46px] justify-start\"><\/div>\n<div class=\"mt-3 w-full empty:hidden\">\n<div class=\"text-center\"><\/div>\n<\/div>\n<\/div>\n<\/div>\n<\/article>\n<\/div>\n<div class=\"pointer-events-none h-px w-px absolute bottom-0\" aria-hidden=\"true\" data-edge=\"true\"><\/div>\n","protected":false},"excerpt":{"rendered":"<p>\u2022 Lekka konstrukcja MX \u2014 zapewnia maksymaln\u0105 swobod\u0119 ruch\u00f3w podczas jazdy i pracy na motocyklu<br data-start=\"98\" data-end=\"101\" \/>\u2022 Oddychaj\u0105cy materia\u0142 mesh \u2014 perforowana struktura zwi\u0119ksza wentylacj\u0119 i komfort podczas intensywnej jazdy<br data-start=\"212\" data-end=\"215\" \/>\u2022 Szybkoschn\u0105ca tkanina \u2014 skutecznie odprowadza wilgo\u0107 i pomaga utrzyma\u0107 komfort nawet w trudnych warunkach<br data-start=\"326\" data-end=\"329\" \/>\u2022 Pe\u0142ny nadruk sublimacyjny \u2014 grafika nie p\u0119ka, nie blaknie i zachowuje wygl\u0105d nawet po wielu praniach<br data-start=\"435\" data-end=\"438\" \/>\u2022 Sportowy kr\u00f3j MX \u2014 dopasowany do pozycji jazdy i pracy z ochraniaczami<br data-start=\"514\" data-end=\"517\" \/>\u2022 Wyd\u0142u\u017cony ty\u0142 \u2014 koszulka pozostaje w spodniach podczas jazdy i nie podwija si\u0119 na torze<br data-start=\"610\" data-end=\"613\" \/>\u2022 Wytrzyma\u0142y materia\u0142 techniczny \u2014 przygotowany na intensywne u\u017cytkowanie w motocrossie i off-road<br data-start=\"715\" data-end=\"718\" \/>\u2022 Motorsportowy design RebelRush \u2014 inspirowany dynamik\u0105 toru i kultur\u0105 motocrossu<\/p>\n","protected":false},"featured_media":6598,"template":"","meta":[],"product_brand":[],"product_cat":[59],"product_tag":[],"class_list":{"0":"post-6239","1":"product","2":"type-product","3":"status-publish","4":"has-post-thumbnail","6":"product_cat-cross","7":"entry","8":"has-media","10":"first","11":"instock","12":"featured","13":"taxable","14":"shipping-taxable","15":"purchasable","16":"product-type-variable"},"jetpack_sharing_enabled":true,"_links":{"self":[{"href":"https:\/\/rebelrush.pl\/index.php?rest_route=\/wp\/v2\/product\/6239","targetHints":{"allow":["GET"]}}],"collection":[{"href":"https:\/\/rebelrush.pl\/index.php?rest_route=\/wp\/v2\/product"}],"about":[{"href":"https:\/\/rebelrush.pl\/index.php?rest_route=\/wp\/v2\/types\/product"}],"version-history":[{"count":8,"href":"https:\/\/rebelrush.pl\/index.php?rest_route=\/wp\/v2\/product\/6239\/revisions"}],"predecessor-version":[{"id":6604,"href":"https:\/\/rebelrush.pl\/index.php?rest_route=\/wp\/v2\/product\/6239\/revisions\/6604"}],"wp:featuredmedia":[{"embeddable":true,"href":"https:\/\/rebelrush.pl\/index.php?rest_route=\/wp\/v2\/media\/6598"}],"wp:attachment":[{"href":"https:\/\/rebelrush.pl\/index.php?rest_route=%2Fwp%2Fv2%2Fmedia&parent=6239"}],"wp:term":[{"taxonomy":"product_brand","embeddable":true,"href":"https:\/\/rebelrush.pl\/index.php?rest_route=%2Fwp%2Fv2%2Fproduct_brand&post=6239"},{"taxonomy":"product_cat","embeddable":true,"href":"https:\/\/rebelrush.pl\/index.php?rest_route=%2Fwp%2Fv2%2Fproduct_cat&post=6239"},{"taxonomy":"product_tag","embeddable":true,"href":"https:\/\/rebelrush.pl\/index.php?rest_route=%2Fwp%2Fv2%2Fproduct_tag&post=6239"}],"curies":[{"name":"wp","href":"https:\/\/api.w.org\/{rel}","templated":true}]}}